st common divisor of 2688 and 777.
21
Calculate the greatest common divisor of 16 and 1328.
16
What is the greatest common divisor of 901 and 51?
17
Calculate the highest common divisor of 90 and 1530.
90
Calculate the greatest common factor of 360 and 306.
18
What is the highest common divisor of 6336 and 72?
72
What is the highest common divisor of 126 and 51786?
126
Calculate the highest common factor of 12 and 150.
6
Calculate the greatest common factor of 56 and 756.
28
What is the highest common factor of 768 and 1952?
32
What is the greatest common divisor of 800 and 32?
32
What is the greatest common factor of 356 and 26878?
178
What is the greatest common factor of 312 and 96?
24
What is the highest common divisor of 644 and 126?
14
Calculate the highest common factor of 4278 and 138.
138
Calculate the greatest common factor of 624 and 16.
16
What is the greatest common factor of 58932 and 36?
36
Calculate the highest common factor of 5 and 21.
1
Calculate the greatest common divisor of 201 and 469.
67
What is the greatest common divisor of 6 and 39?
3
What is the highest common factor of 5852 and 44?
44
Calculate the greatest common divisor of 2346 and 828.
138
What is the greatest common divisor of 6765 and 110?
55
What is the highest common factor of 91 and 13?
13
Calculate the greatest common factor of 799 and 47.
47
Calculate the highest common factor of 360 and 160.
40
Calculate the highest common factor of 7 and 567.
7
Calculate the highest common factor of 24 and 81.
3
What is the greatest common divisor of 475 and 1175?
25
Calculate the highest common factor of 47 and 1927.
47
Calculate the highest common divisor of 51 and 816.
51
Calculate the greatest common factor of 688 and 48.
16
Calculate the greatest common factor of 1611 and 9.
9
Calculate the highest common divisor of 155 and 7471.
31
Calculate the highest common divisor of 28 and 1554.
14
Calculate the highest common divisor of 72 and 384.
24
What is the highest common factor of 16 and 128?
16
Calculate the greatest common divisor of 2464 and 99.
11
Calculate the highest common divisor of 244 and 7747.
61
What is the highest common factor of 80 and 1760?
80
What is the highest common divisor of 142 and 1562?
142
Calculate the greatest common divisor of 85 and 153.
17
Calculate the greatest common divisor of 36 and 32.
4
Calculate the highest common factor of 1173 and 69.
69
What is the greatest common factor of 3531 and 33?
33
What is the greatest common divisor of 638 and 44?
22
What is the greatest common divisor of 95 and 133?
19
What is the greatest common factor of 26858 and 39?
13
What is the greatest common divisor of 15 and 605?
5
Calculate the greatest common factor of 16271 and 53.
53
What is the highest common factor of 486 and 108?
54
Calculate the highest common divisor of 198 and 132.
66
Calculate the highest common factor of 38 and 13490.
38
Calculate the greatest common divisor of 22866 and 444.
222
Calculate the highest common divisor of 36 and 4410.
18
What is the greatest common divisor of 1703 and 39?
13
Calculate the highest common factor of 2862 and 4.
2
Calculate the greatest common factor of 45 and 2.
1
What is the greatest common factor of 2360 and 840?
40
What is the greatest common divisor of 7902 and 54?
18
What is the greatest common factor of 192 and 120?
24
What is the greatest common factor of 73 and 8?
1
Calculate the greatest common divisor of 112 and 7.
7
Calculate the highest common factor of 3048 and 48.
24
Calculate the greatest common factor of 116 and 58.
58
Calculate the highest common factor of 5518 and 712.
178
What is the highest common factor of 435 and 783?
87
What is the highest common divisor of 27 and 3447?
9
What is the highest common divisor of 2424 and 60?
12
What is the highest common divisor of 5 and 295?
5
Calculate the greatest common factor of 17 and 1037.
17
What is the greatest common divisor of 1660 and 20?
20
What is the highest common divisor of 25443 and 297?
99
What is the greatest common divisor of 24878 and 28?
14
What is the highest common divisor of 81 and 19062?
27
What is the greatest common factor of 23 and 92?
23
Calculate the greatest common factor of 40 and 1380.
20
What is the highest common factor of 13 and 3133?
13
Calculate the greatest common factor of 148 and 222.
74
Calculate the highest common divisor of 1302 and 2821.
217
Calculate the highest common divisor of 17 and 119.
17
What is the greatest common divisor of 13044 and 24?
12
Calculate the greatest common divisor of 1958 and 22.
22
What is the greatest common divisor of 665 and 133?
133
What is the greatest common factor of 20 and 235?
5
What is the highest common factor of 210 and 70?
70
Calculate the highest common factor of 171 and 72.
9
Calculate the greatest common factor of 24 and 1356.
12
What is the greatest common factor of 6 and 33?
3
Calculate the highest common factor of 1029 and 98.
49
What is the greatest common factor of 1541 and 67?
67
What is the greatest common divisor of 22 and 12606?
22
What is the greatest common divisor of 3305 and 10?
5
What is the highest common divisor of 4790 and 10?
10
What is the highest common factor of 1136 and 71?
71
Calculate the highest common divisor of 8350 and 100.
50
Calculate the highest common factor of 14 and 1246.
14
What is the greatest common divisor of 40 and 872?
8
What is the greatest common divisor of 17510 and 170?
170
What is the highest common factor of 3686 and 38?
38
Calculate the highest common factor of 11 and 143.
11
What is the greatest common factor of 50 and 525?
25
What is the greatest common divisor of 34 and 391?
17
What is the highest common factor of 377 and 988?
13
Calculate the greatest common divisor of 899 and 93.
31
What is the highest common divisor of 280 and 105?
35
Calculate the highest common factor of 705 and 3995.
235
Calculate the greatest common factor of 260 and 130.
130
What is the greatest common divisor of 1898 and 4526?
146
Calculate the greatest common factor of 277 and 20.
1
What is the greatest common factor of 216 and 1368?
72
What is the highest common factor of 44 and 88?
44
What is the highest common divisor of 111 and 3?
3
What is the highest common factor of 9160 and 40?
40
Calculate the highest common factor of 304 and 16.
16
What is the highest common divisor of 156 and 52?
52
What is the highest common factor of 2184 and 15?
3
Calculate the highest common factor of 16 and 976.
16
Calculate the greatest common divisor of 466 and 2.
2
What is the greatest common factor of 27 and 999?
27
Calculate the greatest common divisor of 316 and 8611.
79
What is the highest common factor of 638 and 44?
22
What is the highest common divisor of 4136 and 220?
44
What is the highest common factor of 20 and 610?
10
Calculate the highest common divisor of 64 and 49472.
64
Calculate the highest common divisor of 2587 and 13.
13
Calculate the greatest common factor of 3564 and 44.
44
Calculate the highest common divisor of 1053 and 81.
81
What is the highest common divisor of 260 and 6110?
130
What is the highest common factor of 973 and 7?
7
What is the highest common factor of 38 and 266?
38
Calculate the highest common divisor of 147 and 84.
21
Calculate the highest common factor of 77 and 5687.
11
Calculate the greatest common divisor of 46 and 874.
46
Calculate the greatest common divisor of 1053 and 78.
39
Calculate the highest common divisor of 354 and 13747.
59
What is the highest common factor of 168 and 384?
24
What is the highest common factor of 1552 and 352?
16
What is the highest common factor of 20 and 890?
10
Calculate the highest common divisor of 30 and 180.
30
What is the highest common divisor of 20 and 308?
4
What is the highest common divisor of 20307 and 63?
21
Calculate the highest common factor of 240 and 30.
30
What is the greatest common divisor of 405 and 3807?
81
Calculate the highest common factor of 374 and 85.
17
What is the greatest common divisor of 703 and 19?
19
What is the greatest common factor of 250 and 50?
50
What is the greatest common divisor of 10179 and 234?
117
What is the greatest common divisor of 21 and 49?
7
Calculate the highest common divisor of 671 and 11.
11
What is the highest commo